+ 1662.
-36
What is -9 + (53 - 16 - 20) - ((3 - 0) + -2)?
7
What is the value of (2 - 2) + (11 + 33 + -57 - 2)?
-15
What is the value of (-73 - -22) + -7 + 48?
-10
What is -3 + -32 + -17 + (27 - -30)?
5
What is the value of -12 + (-2 + -22 + 23 + -13 - -8)?
-18
Evaluate (-2 - -3) + -6 - ((-19 - -55) + -81).
40
204 + -217 + 2 + 17 - 10
-4
Calculate -28 + -2 + 15 + (-152 - -157) - (1 - -62).
-73
What is the value of -52 + -21 + -4 + (2 - -17)?
-58
What is -67 + 54 + -51 + 14?
-50
Evaluate 18 + -43 + -1 + (-5 - (-1 + -5)).
-25
-3 - (53 - 37 - 52)
33
What is the value of (-14 - 52) + (74 - 45)?
-37
Evaluate 43 + (-31 + 33 - 2).
43
(-27 - -41) + -3 + -35 + -47
-71
(-4 - -16) + 4 + -22 + 21 + -11
4
(29 + -8 - 7 - (-57 + 89)) + 88
70
-11 + 12 + -7 + (-146 - -170)
18
What is (69 - 1) + (-1562 - -1571)?
77
Evaluate (13 - -8 - 15) + (8 - (-21 + -2)).
37
What is 3 + -3 - 2 - 14 - (-22 - -52)?
-46
Evaluate 3 + -6 + 8 + 7 + (-13 - 5) + 71.
65
36 + (-10 - (-15 - (24 + -18)) - 21)
26
What is (-401 - -338) + -56 + 1 + -1?
-119
Evaluate (-57 - (-20 + -12)) + -25.
-50
-18 - ((93 - 106 - (-12 + 2)) + -10)
-5
((120 - 125) + (18 - 0) - 3) + (5 - -25)
40
What is the value of (-17 - -1) + (-4 + -2 - -9) + 17 + -6?
-2
Calculate (93 - 85) + -8 + (-3 - -1 - 1) + -47.
-50
What is (-109 - -140 - (-9 - 23)) + 3 + -1?
65
-4 + 11 + -14 + -40 + -9 + -2 + -9
-67
Calculate -661 + 664 - (1 + 1 + -81 - 2) - 11.
73
What is the value of 26 - ((-49 - -71) + -31 + (9 - -1))?
25
What is the value of -1 - -2 - 2 - -13 - (814 - 869)?
67
-14 + (2 - (-2 + 8)) + 24
6
-2 + (0 - 8) - (-248 + 292)
-54
Calculate -8 - (-8 - -5 - 28) - (24 + -14).
13
Evaluate (22 - 50) + -55 + (5 - (-3 - 3)).
-72
Evaluate -44 + (27 - (139 - 85)).
-71
What is (75 + -2 - 1) + 74 + (99 - 183)?
62
111 - 162 - (-4 + -52)
5
222 + -141 + (3 - 4) - -6
86
-4 + -5 + -377 + 423
37
Evaluate -85 + 95 + 1 + -58.
-47
What is 38 + (20 - -3 - (-437 - -493))?
5
Calculate 64 + (4 - (-9 - (-23 - 10))).
44
What is the value of 5 + -21 - (-21 + 18 - 58 - 8)?
53
1 + 2 - (-41 + 5 + (-4 - (-12 + 4)))
35
Calculate -199 + 27 + 44 + 69.
-59
1 + 39 + (-65 - (-63 + 3))
35
What is -25 + 0 + (39 - (176 + -147))?
-15
Evaluate (-4 - -10 - 25 - -2 - -2) + -75.
-90
Calculate 50 - ((3 - 2) + 0) - (1288 + -1285).
46
What is the value of (126 - -1) + (1 - -1) - (-48 + -7 + 48)?
136
Calculate (27 + -2 - 49) + 42.
18
(114 - 52) + -70 + 24
16
What is the value of 36 + -5 + -42 + (9 - (1 + -43))?
40
Calculate (17 - (26 + -7 + -11)) + (-40 - 89).
-120
What is (1 - (-26 - 21)) + -85?
-37
What is the value of (-7 + -2 + -1 - (13 - 46)) + -6 + 1?
18
What is -56 - (20 + (21 - 7 - 27) + 0)?
-63
What is ((-8 - (8 - 8)) + 12 - (-16 - -25)) + -65?
-70
What is the value of 48 + -80 + 32 + -6 + 14 + (1 - 1)?
8
What is the value of -2 + 21 - (-75 - (-44 + -27))?
23
Evaluate -15 + 7 + (-25 - -25) + -35.
-43
-9 + (24 + 4 - 72) - 34
-87
What is 0 + -12 + -17 + -24 + 8 + 35?
-10
Evaluate 72 - 74 - ((11 - (9 + -3)) + -47).
40
Calculate -22 + 0 + (-71 - (-44 + 13)).
-62
What is 18 + (-10 - 18) + 9 + 2 - -23?
24
What is (59 + -173 - (-14 - 0) - -8) + -12?
-104
1 + 1 + (-45 - ((1 - -2) + 326 + -335))
-37
(11 - (6 + -4)) + (-2 - (-2 - -8))
1
63 + -71 + (-148 - -10 - -16)
-130
What is -2 + -3 + (-101 - -131) + 36?
61
Calculate -16 + -85 + 33 + 2.
-66
What is 40 + (-51 - -64) + -45?
8
Calculate (-8 - (-19 + (-10 - -3))) + -22.
-4
What is 32 + (6 - 22 - (-23 + 2))?
37
What is 53 - ((51 - -7 - 2) + -29)?
26
Calculate -25 + 98 + (31 - 133).
-29
Evaluate 39 - (-2 + 36 + 20).
-15
What is -10 + (-122 - -107 - (1 - 4)) + -4?
-26
(84 - 30) + -34 + 1 + 9
30
Evaluate 18 + (-10 + -56 - (4 - 21)).
-31
Evaluate -31 - 45 - -29 - (0 - 3 - (5 + -5)).
-44
Evaluate -104 + (39 + 92 - 56).
-29
What is the value of 6 + -11 + (-51 - -49) - -37?
30
Evaluate 63 + (-19 + 3 + -3 + 8 - -10).
62
-69 - (-20 - 39) - 18
-28
-13 - 6 - (1 - (-11 + 25 - -2))
-4
-5 - (5 + -5 + -3) - (41 - 59)
16
Calculate -9 + (-18 - (62 + -17 + -10)).
-62
What is (-28 - (-32 - 100)) + -209?
-105
Calculate 91 + (-80 - -48 - 21).
38
Calculate (-96 - -76) + 23 + (2 - 1).
4
Evaluate 10 + (-29 - (-19 - (-21 - 0))).
-21
What is 56 + -26 + -6 + -3 + 16?
37
What is -207 + 126 - (-2 + 6 + -11 - 5)?
-69
Evaluate 61 - (62 - -38) - -90.
51
What is the value of (-4 - -14) + -21 - -1 - -8 - -45?
43
What is the value of 27 + -66 + 31 - -10?
2
Calculate (-499 - -505 - (-2 - -26)) + 96.
78
Evaluate 18 + (-26 - -26) + -47.
-29
What is the value of 51 + -11 + 7 + -5 + 3 + -3 + 3?
45
Evaluate (15 - 66) + 11 + (0 - (-9 - -16)).
-47
What is -168 + (21 - -41 - 23)?
-129
What is the value of 10 - (8 + -5 + 4 + 4 + -5 + -6)?
10
What is the value of 21 + -5 - (-6 + -1 - (42 + -42 + -116))?
-93
What is the value of (133 - 67) + (2 - (7 - 3) - (10 + -7))?
61
Calculate -42 - (-14 + 13) - -86.
45
What is (2 - 59) + (-1919 - -1887)?
-89
Calculate 6 - (-1 + -43 + 15).
35
Evaluate -327 + 361 + 1 + -76.
-41
-8 + 18 + 27 + (31 + -11 - 9)
48
What is -8 + (2 + -4 - (-12 + 20)) + -2?
-20
1 + 0 + 3 - (13874 + -13885 - (0 + -63))
-48
What is the value of -32 - (3 + (-3 - 2) + 22 + -18 + 8)?
-42
-37 - -10 - (29 + -3 - 108)
55
What is the value of (99 - 218) + 48 - 11?
-82
Evaluate -10 - -21 - 59 - -48.
0
(1 - -2) + (-3 - -117 - 3) + -17
97
(3 - -11 - 24 - -22) + (-41 - 55)
-84
Evaluate (-33 - -24) + (2 - -110) - (4 + (27 - 26)).
98
Calculate -48 + (-207 + 102 - -109).
-44
(0 - 97) + (-6779 - -6780)
-96
What is -7 - ((-14 - 1) + (636 - 612) + 0 + -17)?
1
Evaluate -3612 - -3586 - (1 + -100).
73
What is (9 + 6 + -1 - 7) + 3?
10
Evaluate -51 - (-26 - (-37 - -19 - -18)).
-25
What is the value of -13 + 3 - ((4 - (4 - -49)) + 0 + -13)?
52
What is the value of 1 - 4 - (65 - (27 + -31 + 0 + 19))?
-53
12 - (41 - 6 - 33)
10
What is the value of (6 - (-6 - -1)) + -3 - (18 + -8)?
-2
-11 + (0 + -7 - (204 - 220)) + 15
13
-72 - ((5 - -1) + 7 - (-85 + 115))
-55
Calculate 20 - (-6 + (-1 + 2 + 0 - (3942 - 3936))).
31
41 + 1 + (45 - 52) + 4 + 1
40
Evaluate 0 + 0 - -2 - (-9 - (30 - 1)).
40
What is the value of -30 - -2 - (324 - 330)?
-22
Calculate -104 + 12 + (-225 - -416).
99
Calculate -360 - -376 - (-1 + -6) - 59.
-36
What is the value of (9 + -16 - 1) + 41 + 0 + -1 + 10?
42
What is the value of 60 - (-104 - -25 - -170)?
-31
What is the value of -52 + 75 - 45 - -24?
2
Calculate -1 + 0 + 0 - -6 - (2471 + -2452).
-14
Evaluate 83 + (-7 - (22 + 23 + (-76 - -15))).
92
What is the value of -10189 - -10200 - (-3 - -2 - -84 - 2)?
-70
Calculate (25 - 3) + -26 - 5.
-9
-3609 + 3642 - ((3 - (1 - (4 + -3))) + 9)
21
What is the value of -49 + 134 + -71 + 56?
70
What is the value of -1 - -18 - (25 - 19) - (-119 + 90)?
40
Evaluate (-86 - -118) + (-16 - 0).
16
What is the value of -3 + 8 - (112 - (1 + 28 + -9))?
-87
Evaluate 665 - 561 - (5 - -59).
40
(-11 + -4 + -27 - -23) + 57
38
Calculate 2 + 8 - (5 + 8) - -7 - (24 - -1).
-21
7 + (-11 + (3 - -8) - (5 - 0)) - -12
14
430 - 369 - (11 + 0)
50
Evaluate -20 + ((-8 - -3) + 10 - -15).
0
Calculate (4 - 91) + -334 + 339.
-82
What is (2 - 3) + 1 - (-591 + 612)?
-21
Evaluate -35 + -23 - (43 + -60).
-41
Evaluate (-18 - 43) + 43 - 92 - -5.
-105
What is the value of -58 + 93 - (-2 + -7 + -1 + 4 + -2)?
43
What is -54 - (25 + -102 - -11)?
12
What is (28 - 20) + -21 + 25 + -3?
9
Evaluate 3 - 5 - (44 + -81 + 32 - (-2 + 56)).
57
What is 18 - ((-2 - 24) + (79 - 36))?
1
-53 - (-33 - (-74 - (19 - 57)))
-56
Calculate 5 + (3 - (1 + -1) - (9 + -8 + 7)).
0
Evaluate -141 + (42 - -117) - 84.
-66
Evaluate (-9 - 31) + 43 - (-9 - -1 - 1).
12
What is 90 - (134 + (-1 - 72))?
29
Calculate (6 - 15 - -88) + -134 + 116.
61
58 + (13 - 55) + -24
-8
14 - (-17 - -11) - (-3 + 9 - -5)
9
Evaluate (11 - (8 - 15 - -10)) + -3 + -11.
-6
What is (-5 + 17 - -6) + -120 + 38 + 9 + 1?
-54
What is (33 - 16) + -10 + (3 + 2 - (-9 - -2))?
19
What is -1 + 14 - (-15 - (50 + -77 - -93))?
94
Evaluate 57 + -3 - (-890 - -950).
-6
Calculate -801 + 798 - (25 + (-1 - 1) + 3).
-29
What is 30 - (54 + -140 - -74)?
42
-84 - 15 - (23 - (-2 + 5) - (-2 - -8))
-113
Calculate -10 + 12 - (309 + -283).
-24
What is -6 + -4 + (42 - 12 - 11) - 1 - -21?
29
What is the value of -33 - (8 + -10 + 8 + 8 + -7)?
-40
What is the value of 1845 - 1898 - ((1 - 7) + 2 - -2)?
-51
What is the value of -114 + 83 - (22 + -17 + 17)?
-53
-44